me factors of 8444930.
2, 5, 13, 19, 263
What are the prime factors of 2810805?
3, 5, 187387
List the prime factors of 7008178.
2, 3504089
List the prime factors of 1011088.
2, 13, 4861
List the prime factors of 1605174.
2, 3, 17, 15737
List the prime factors of 49719.
3, 16573
What are the prime factors of 12463510?
2, 5, 1246351
What are the prime factors of 326729?
13, 41, 613
What are the prime factors of 1148314?
2, 574157
List the prime factors of 7851785.
5, 1570357
What are the prime factors of 150113?
43, 3491
What are the prime factors of 222582?
2, 3, 37097
List the prime factors of 965423.
965423
What are the prime factors of 2018121?
3, 7, 17, 5653
What are the prime factors of 6038891?
101, 59791
List the prime factors of 524035.
5, 311, 337
List the prime factors of 295726.
2, 147863
What are the prime factors of 70532?
2, 7, 11, 229
List the prime factors of 2843638.
2, 7, 203117
What are the prime factors of 763925?
5, 30557
What are the prime factors of 1851958?
2, 925979
List the prime factors of 6861848.
2, 7, 122533
List the prime factors of 22493765.
5, 7, 373, 1723
What are the prime factors of 1043228?
2, 260807
List the prime factors of 16478127.
3, 610301
List the prime factors of 32872.
2, 7, 587
What are the prime factors of 759864?
2, 3, 7, 4523
List the prime factors of 1512590.
2, 5, 19, 419
What are the prime factors of 2699242?
2, 7, 13, 14831
What are the prime factors of 73393?
23, 3191
List the prime factors of 349357.
349357
What are the prime factors of 1593643?
1593643
What are the prime factors of 384542?
2, 192271
What are the prime factors of 3859980?
2, 3, 5, 64333
List the prime factors of 193990.
2, 5, 19, 1021
List the prime factors of 4586842.
2, 13, 176417
What are the prime factors of 1181721?
3, 17, 29, 47
What are the prime factors of 128395?
5, 25679
What are the prime factors of 11632874?
2, 11, 31, 37, 461
What are the prime factors of 360486?
2, 3, 7, 2861
What are the prime factors of 582391?
582391
List the prime factors of 128131.
37, 3463
What are the prime factors of 124341?
3, 7, 31, 191
What are the prime factors of 10377?
3, 1153
List the prime factors of 1872037.
29, 64553
List the prime factors of 1138107.
3, 379369
List the prime factors of 130666.
2, 79, 827
List the prime factors of 134597.
134597
What are the prime factors of 1764364?
2, 7, 61, 1033
List the prime factors of 54465.
3, 5, 3631
What are the prime factors of 578513?
13, 44501
List the prime factors of 665511.
3, 7, 11, 43, 67
List the prime factors of 290681.
19, 15299
List the prime factors of 720209.
7, 137, 751
List the prime factors of 23717167.
83, 285749
What are the prime factors of 13589813?
13589813
What are the prime factors of 8588508?
2, 3, 83, 8623
List the prime factors of 25741707.
3, 8580569
List the prime factors of 208790.
2, 5, 20879
List the prime factors of 3703272.
2, 3, 154303
What are the prime factors of 1086943?
11, 13, 691
List the prime factors of 153822.
2, 3, 31, 827
What are the prime factors of 296884?
2, 7, 23, 461
What are the prime factors of 2765162?
2, 809, 1709
What are the prime factors of 218488?
2, 31, 881
List the prime factors of 2382341.
13, 401, 457
What are the prime factors of 995687?
7, 11, 67, 193
What are the prime factors of 127741?
139, 919
What are the prime factors of 725513?
163, 4451
List the prime factors of 2302554.
2, 3, 383759
What are the prime factors of 228089?
17, 13417
What are the prime factors of 1477488?
2, 3, 30781
List the prime factors of 31244948.
2, 7, 23, 29, 239
What are the prime factors of 340550?
2, 5, 7, 139
What are the prime factors of 2540937?
3, 7, 120997
List the prime factors of 2315184.
2, 3, 139, 347
List the prime factors of 131348.
2, 7, 4691
List the prime factors of 129218.
2, 64609
List the prime factors of 19887952.
2, 7, 41, 61, 71
What are the prime factors of 318978?
2, 3, 11, 179
List the prime factors of 2755974.
2, 3, 13, 89, 397
List the prime factors of 224486.
2, 107, 1049
List the prime factors of 15771805.
5, 7, 19, 37, 641
List the prime factors of 153348.
2, 3, 13, 983
What are the prime factors of 14943748?
2, 17, 219761
What are the prime factors of 373132?
2, 93283
What are the prime factors of 364596?
2, 3, 23, 1321
List the prime factors of 12068.
2, 7, 431
List the prime factors of 115472.
2, 7, 1031
What are the prime factors of 15313270?
2, 5, 7, 218761
List the prime factors of 12845123.
12845123
List the prime factors of 19844036.
2, 613, 8093
What are the prime factors of 129036?
2, 3, 10753
List the prime factors of 189270.
2, 3, 5, 701
What are the prime factors of 174270?
2, 3, 5, 37, 157
What are the prime factors of 7953358?
2, 7, 568097
What are the prime factors of 343711?
47, 71, 103
What are the prime factors of 5998929?
3, 23, 227, 383
What are the prime factors of 40259?
127, 317
List the prime factors of 6775608.
2, 3, 7, 31, 1301
List the prime factors of 2471641.
29, 85229
What are the prime factors of 5238542?
2, 149, 17579
List the prime factors of 266167.
11, 24197
What are the prime factors of 15028291?
73, 127, 1621
List the prime factors of 10402129.
10402129
List the prime factors of 190249.
190249
List the prime factors of 5901062.
2, 43, 59, 1163
What are the prime factors of 3986050?
2, 5, 29, 2749
List the prime factors of 25348320.
2, 3, 5, 29, 607
What are the prime factors of 21576240?
2, 3, 5, 7, 1427
List the prime factors of 1690913.
7, 241559
List the prime factors of 1372324.
2, 343081
What are the prime factors of 3074940?
2, 3, 5, 11, 1553
What are the prime factors of 5826505?
5, 1165301
List the prime factors of 6845367.
3, 2281789
List the prime factors of 580925.
5, 19, 1223
What are the prime factors of 382542?
2, 3, 103, 619
List the prime factors of 651571.
709, 919
List the prime factors of 5254262.
2, 13, 202087
List the prime factors of 2783054.
2, 571, 2437
List the prime factors of 421324.
2, 105331
What are the prime factors of 3742898?
2, 1871449
List the prime factors of 3232194.
2, 3, 7, 41, 1877
What are the prime factors of 13064604?
2, 3, 7, 43, 3617
What are the prime factors of 998629?
998629
List the prime factors of 512282.
2, 67, 3823
What are the prime factors of 14746115?
5, 2949223
What are the prime factors of 217200?
2, 3, 5, 181
List the prime factors of 5644775.
5, 23, 9817
List the prime factors of 318097.
13, 24469
List the prime factors of 234758.
2, 107, 1097
What are the prime factors of 3720165?
3, 5, 37, 6703
List the prime factors of 5207209.
7, 479, 1553
List the prime factors of 182924.
2, 7, 47, 139
What are the prime factors of 16707395?
5, 151, 22129
List the prime factors of 6972655.
5, 107, 13033
List the prime factors of 525181.
17, 30893
What are the prime factors of 45272?
2, 5659
List the prime factors of 196364.
2, 7, 7013
What are the prime factors of 1002654?
2, 3, 53, 1051
What are the prime factors of 1209490?
2, 5, 79, 1531
List the prime factors of 198965.
5, 13, 3061
List the prime factors of 20808662.
2, 7, 1486333
What are the prime factors of 1963439?
613, 3203
List the prime factors of 326477.
19, 17183
What are the prime factors of 1764532?
2, 7, 11, 17, 337
List the prime factors of 27516145.
5, 5503229
What are the prime factors of 37756797?
3, 13, 74471
What are the prime factors of 704132?
2, 11, 13, 1231
What are the prime factors of 709456?
2, 11, 29, 139
List the prime factors of 180419.
180419
What are the prime factors of 2817151?
41, 68711
List the prime factors of 10009459.
10009459
List the prime factors of 2669210.
2, 5, 266921
List the prime factors of 177858.
2, 3, 41, 241
List the prime factors of 207741.
3, 69247
List the prime factors of 3228957.
3, 119591
What are the prime factors of 970110?
2, 3, 5, 3593
List the prime factors of 5701647.
3, 7, 17, 15971
List the prime factors of 9278.
2, 4639
What are the prime factors of 1293292?
2, 7, 11, 13, 17, 19
What are the prime factors of 110091?
3, 36697
List the prime factors of 2267340.
2, 3, 5, 23, 31, 53
What are the prime factors of 5712888?
2, 3, 238037
List the prime factors of 9923117.
349, 28433
List the prime factors of 3549779.
31, 43, 2663
List the prime factors of 739696.
2, 83, 557
What are the prime factors of 143194